e greatest common factor of s and p?
12
Suppose -11*z - 6*z = -1309. What is the greatest common divisor of 22 and z?
11
Let t(h) = 7*h**2 - h. Let l be t(1). Let q = l - -3. Let g = 30 + q. What is the highest common divisor of 13 and g?
13
Let h = -39 + 57. Let o = h + -17. What is the highest common divisor of 10 and o?
1
Let c(a) = a**3 + 4*a**2 - 2*a - 6. Let n be c(-4). Let h be 1144/66 - n/6. Calculate the greatest common divisor of h and 34.
17
Let y = 2151 - 1633. Calculate the greatest common divisor of 222 and y.
74
Suppose 0 = -4*x - 84 + 68. Let l(d) = 3*d**2 + 5*d - 2. Let f be l(x). What is the highest common divisor of f and 182?
26
Suppose 46 = 5*v - 29. Suppose 10 = 5*i + 2*a - a, 0 = -3*a. Suppose -j + 3*n = -0*j - 144, i*n - 669 = -5*j. Calculate the highest common factor of v and j.
15
Let f(k) = -k**2 - 21*k + 29. Let m be f(-16). Let i = m + -85. What is the highest common factor of 48 and i?
24
Let a be 2/7 + (-96)/42 - -1736. Calculate the greatest common factor of a and 51.
51
Let w(d) = 8*d**2 - 4*d - 12. Let o be w(8). What is the greatest common divisor of o and 8?
4
Suppose -w - 1 + 14 = 0. Let b be (5 - 54/12)*2. Let i be (-78)/(-4*(b - (-10)/(-12))). What is the highest common divisor of w and i?
13
Let d be -10*1*27/(-45). What is the highest common divisor of 1548 and d?
6
Suppose -5 = -p + 2*t, -2*t - 2*t + 17 = p. Suppose p*h = 12*h - 18. What is the highest common divisor of 2 and h?
2
Suppose 25*f - 23*f = 160. Suppose 7*j + f - 710 = 0. Let g(t) = 4*t**2 - t. Let x be g(-2). What is the highest common divisor of j and x?
18
Let h be 34 + (-4 + 2)/(-1). Suppose -4*t = -44 - h. What is the highest common factor of 120 and t?
20
Let w be ((-21)/9)/((65/90)/(-13)). What is the greatest common factor of w and 24?
6
Let p(d) be the first derivative of -d**4/4 + 8*d**3/3 + d**2 - 9*d - 10. Let k be p(6). Calculate the greatest common factor of 30 and k.
15
Let q(y) = 456*y - 15. Let n be q(7). Let r be n/36 - 2/8. What is the highest common factor of 16 and r?
8
Let p(s) = -s**2 + 17*s - 48. Let b be p(10). Calculate the highest common divisor of 154 and b.
22
Suppose 2*c = c + 16. Let f be (7 - 1)*12/9. Let q = -6 + f. What is the greatest common divisor of q and c?
2
Let f(z) = -z**3 + 2*z + 1. Let o(c) = -2*c. Let v be o(-1). Let t be f(v). Let y be (t - 15/(-1)) + 3. Calculate the greatest common factor of y and 165.
15
Let t = -30 + 505. Calculate the greatest common factor of 25 and t.
25
Suppose -1438 = -2*g - 2*s, -15 = 5*s - 0*s. What is the highest common divisor of g and 38?
38
Suppose 2*k - 1 = 7. Suppose -q = -0*f - f + 5, f + 10 = -k*q. Let n(h) = 2*h + 16. Let l be n(-6). What is the greatest common factor of f and l?
2
Let z(a) = -4*a**3 - 2*a**2 - 16*a - 48. Let o be z(-4). Calculate the highest common factor of o and 320.
80
Suppose 5*l - 2*q - 45 = 10, 4*l - 5*q - 44 = 0. Calculate the highest common factor of 88 and l.
11
Suppose 7*d = 4*d - 9, 5*u = -d + 157. Calculate the greatest common factor of 128 and u.
32
Let y = 1 + -9. Let s = y + 15. Let n = 15 - s. What is the greatest common divisor of 24 and n?
8
Let r = 24 + -28. Let l be (-1)/((r - -8)/(-108)). Calculate the greatest common factor of 216 and l.
27
Let h(q) = q**3 - q**2 + 2*q + 14. Let l(g) = 2*g - 10. Let i be l(5). Let o be h(i). What is the greatest common factor of o and 42?
14
Let d = 44 - 22. Let m be d + (-4 - (-2 + -6)). Calculate the highest common divisor of 65 and m.
13
Let z = 3 - -30. Let j = 121 - 99. What is the greatest common divisor of j and z?
11
Let r(n) = -9*n**2 + n + 8. Let d be r(3). Let l = 122 + d. What is the highest common divisor of 39 and l?
13
Let d = -501 + 851. What is the highest common divisor of d and 14?
14
Let f be ((-21)/(-4))/(-12 - 1928/(-160)). Let l(v) = 2*v + 1. Let w be l(7). What is the greatest common factor of w and f?
15
Suppose -10*z + 1154 = 404. What is the greatest common factor of 175 and z?
25
Let g(m) = -396*m + 4. Let q be g(-1). What is the greatest common divisor of q and 25?
25
Suppose 2088 = 4*v - 2*l + 6*l, -3*l = 2*v - 1041. Calculate the greatest common factor of 7 and v.
7
Suppose -7*h = -3*c - 3*h + 55, 90 = 5*c - 5*h. What is the greatest common divisor of c and 17?
17
Let q be (-10)/(1*2/4*-1). What is the greatest common divisor of q and 220?
20
Let n(x) = 52*x**2 + 4*x - 2. Let f be n(1). Calculate the highest common factor of f and 1764.
18
Suppose 50 = -4*l + 58. Suppose l*h - 3*h = -19. Calculate the highest common factor of h and 152.
19
Let w(v) = 4*v**2 + 4*v - 11. Let c be w(3). What is the greatest common divisor of c and 148?
37
Suppose -4*h = -2*f + 22, 0 = f - 3*h + 2*h - 10. Let v be 1*(92*(-12)/96)/(1/(-18)). What is the greatest common divisor of f and v?
9
Suppose -197*k - 100 = -207*k. What is the highest common factor of k and 6?
2
Suppose 267 = 5*g - r, -3*g + 46*r = 50*r - 174. What is the greatest common factor of 36 and g?
18
Suppose -3*t - t = -c - 1681, 3*t = -2*c + 1258. Suppose 4*a - a = t. Calculate the greatest common divisor of a and 56.
28
Suppose -32*l + 783 - 143 = 0. Calculate the greatest common factor of l and 320.
20
Suppose 1 = y - 4, -2*z - 31 = -5*y. Let t be (456/(-1))/z*1. Suppose 3*s = -s + 76. Calculate the highest common divisor of t and s.
19
Let g be 5/((-10)/86) - (2 + 0). Let x = g + 63. What is the greatest common divisor of x and 63?
9
Suppose 10*n = -0*n + 20. Let t(o) = 10*o - 7. Let a be t(n). Calculate the greatest common divisor of a and 52.
13
Let x(p) = -3*p + 177. Let z be x(45). What is the greatest common divisor of 350 and z?
14
Let b = 5522 - 5370. Let r(z) = -2*z + 7. Let h be r(-6). What is the highest common factor of b and h?
19
Suppose 0 = 9*d + 432 - 936. What is the greatest common divisor of 896 and d?
56
Suppose -5*z = -5*c - 590, -2*z + 0*z + 233 = c. Calculate the highest common divisor of z and 39.
39
Suppose 61*h - 48*h = 1131. Calculate the highest common factor of h and 58.
29
Let q(b) = -b**3 + 42*b**2 + 87*b + 98. Let n be q(44). What is the greatest common factor of 594 and n?
54
Let u be 8 + (8 + -1 - -41). Calculate the greatest common divisor of u and 308.
28
Suppose 0 = r - 0*r + 4. Let i be (-2)/(4*2/r). Let j = -11 - -18. Calculate the greatest common factor of i and j.
1
Let q be ((-14)/8)/(2/(-248)). Suppose 0 = 5*y + p - 153, 19*y - 4*p = 25*y - 178. What is the greatest common divisor of q and y?
31
Let z = 458 + -453. What is the greatest common factor of z and 10?
5
Let m = 0 + -2. Let f be m/(154/(-76) - -2). Suppose -4*y = -o - f, 4*y = 3*y + o + 16. Calculate the greatest common divisor of y and 5.
5
Let w(u) = -3*u**2 + 8*u - 8. Let z be w(7). Let h = z - -165. Suppose 33 = 3*i + 3*m, -2*m = -5*m + 15. Calculate the greatest common divisor of i and h.
6
Let m be 6*(-4)/36*3. Let r be (10/1 - (0 - m)) + -3. Calculate the greatest common factor of 5 and r.
5
Let s = 818 - 780. Calculate the greatest common divisor of s and 95.
19
Suppose -5 = 5*g, -4*g - 3 = -3*w - g. Suppose 4*r - 4*j - 31 - 1 = 0, w = -4*r - 3*j + 32. What is the greatest common divisor of r and 152?
8
Suppose 0*u = 2*u + 3*f - 120, -f = 2*u - 120. Calculate the highest common factor of u and 36.
12
Suppose 23*f - 30*f + 2940 = 0. What is the highest common factor of 126 and f?
42
Let k = 1116 - 1065. Calculate the greatest common divisor of k and 3.
3
Let a(p) = -p**3 + 7*p**2 + p - 1. Suppose 0 = -0*z + z - 7. Let i be a(z). Suppose -3*j - i = -39. Calculate the highest common factor of j and 11.
11
Let n(z) = z**3 + 2*z**2 - 8*z + 8. Let p be n(4). Let q = 5 - -3. Let h be ((-54)/q)/(6/(-16)). What is the highest common divisor of h and p?
18
Let q = -5 - -10. Suppose q*o - 50 = 10. Calculate the highest common factor of o and 3.
3
Let t(i) = 2*i**3 + 2*i**2 - 29*i - 5. Let s be t(4). What is the greatest common factor of s and 1287?
39
Suppose 0 = -44*v + 46*v - 38. Calculate the highest common divisor of 133 and v.
19
Suppose -4*r + 2*r = -340. Suppose 84 = -4*a - 2*n + 746, -a - 5*n = -r. Suppose 0 = -2*i + 13 + 53. What is the highest common divisor of i and a?
33
Suppose 1157 = 4*n - x, x + 2*x + 879 = 3*n. Suppose -o = -5*o + n. What is the highest common divisor of o and 8?
8
Suppose